mposite?
False
Let l(h) = 41*h**2 - 6*h - 8. Let q(w) = w + 5. Let s be q(-12). Let v(m) = 61*m**2 - 9*m - 12. Let d(i) = s*l(i) + 5*v(i). Is d(3) composite?
False
Is (-14)/(-2) + 72 + 4 a prime number?
True
Let i(a) = -a**3 + 36*a**2 - 22*a - 42. Is i(29) a prime number?
False
Suppose 2*k = -4, 0 = -4*n - 4*k - 0*k - 48. Is (-28874)/n - (-12)/(-30) a composite number?
False
Is -2126*(-6 - -2) - -5 prime?
False
Let z = 616 + 483. Is z composite?
True
Let v be 60388/6 - 6/9. Suppose -12*h + 1396 = -v. Is h composite?
True
Suppose -12 = -5*t + 13. Let i(n) = t*n + 2 - 1 - 13 + 2*n**2. Is i(-7) composite?
True
Let b(y) = -129*y**2 - 4*y + 7. Let u be b(-5). Let r = -1453 - u. Is r a composite number?
True
Let a be (-102)/(-5)*110/33. Let x = a + 43. Suppose v = 4*u + x, 2*v - u = 2*u + 242. Is v prime?
True
Suppose -5*s + 6*s - 1893 = -2*k, 5*s - 2*k = 9525. Is s*(0 + 2*4/8) a prime number?
False
Let w(u) = 116*u**2 - 23*u + 32. Is w(9) a composite number?
False
Let r = -2408 - -8857. Is r a composite number?
False
Let u = -30 - -26. Let q(p) = 15*p**2 + 9*p + 13. Let l be q(u). Suppose -2*t - 2*r + l = -171, -2*t + 4*r + 418 = 0. Is t prime?
True
Let n(b) = b**3 - 5*b**2 - 6*b - 7. Let s(g) = 2*g**2 + 3*g + 4. Let p be s(-2). Let q be n(p). Let k(j) = -j**2 - 11*j + 3. Is k(q) a composite number?
False
Let v = 74845 - 35828. Is v a composite number?
True
Is -158*(-3)/6*31 composite?
True
Let w(x) = 2*x**2 + 4*x + 3. Let i be w(-2). Suppose -i*z = -4*b - 648, -3*b = -4*z + 219 + 645. Suppose -1002 = -6*j + z. Is j a composite number?
True
Let o(k) = -2*k - 12. Let v be o(-5). Is (v/4)/((-26)/77948) a prime number?
True
Let i be (-58)/(-6)*4560/16. Let d = -1629 + i. Is d a prime number?
False
Let b = -2738 - -4557. Is b composite?
True
Let n(h) = 3*h**3 + 4*h**2 - 4*h + 1. Let o be n(1). Let s be 1*(2 + -1)*3. Suppose 3*c + c + 140 = o*g, 0 = -s*c + 12. Is g a prime number?
False
Suppose -8*t + 1316 + 396 = 0. Let o = 37 + t. Is o a composite number?
False
Suppose 4*x - 45 = -x. Let m = x - 7. Let v(l) = 30*l**3 - 2*l - 1. Is v(m) a prime number?
False
Let f(k) = -2*k + 3. Let m be f(4). Let y be (-7 - -17)*m/2. Let u = 174 - y. Is u composite?
False
Is (-15 - -9)*(-631)/2 composite?
True
Let s = -75 + -30. Let b be (-7)/(55/(-20) - -3). Let l = b - s. Is l prime?
False
Let b = 33826 - 23421. Is b a composite number?
True
Suppose a = 5*o + 441, -o + a - 89 = -0*o. Let z be 333/6*o/(-6). Suppose z = 3*c + 5*l, 3*c + 252 = -l + 1046. Is c a composite number?
False
Let y be (-57)/9 - 4/6. Let v(u) = -u**3 + 14*u**2 - 6*u - 2. Is v(y) a composite number?
False
Let q = 992 + -495. Let n = q + -19. Is n composite?
True
Let c = 3491 + -857. Suppose -17*u = -23*u + c. Is u composite?
False
Let i(k) = -20*k**2 + 9. Let q(b) = -99*b**2 - 2*b + 45. Let z(u) = -11*i(u) + 2*q(u). Let t(j) = j**3 - 4*j**2 - 3*j - 5. Let r be t(5). Is z(r) composite?
False
Suppose 0 = 2*d + 9*d - 44. Is (-30)/d*(-1420)/30 composite?
True
Suppose 5*i + 115579 = 4*r, 3*r - 5*i - 66912 - 19766 = 0. Is r composite?
False
Suppose -49640 = -10*x + 9140. Is x composite?
True
Let u(w) = 193*w + 29. Is u(6) a composite number?
False
Let y = 136 + -127. Suppose 3*s = y - 15, -k - 2*s + 673 = 0. Is k a prime number?
True
Let c = -1433 - -1692. Is c a prime number?
False
Is -2 + 12195 + (10 - 6) composite?
False
Suppose -3*x = 257*w - 256*w - 65338, -2*x + 4*w = -43554. Is x a composite number?
True
Let f(u) = 2*u**2 - 2*u - 7. Let j be f(-2). Suppose j*q - 4*o - 3155 = 0, -10*o - 1880 = -3*q - 5*o. Is q a prime number?
False
Suppose 5*c + 2*u = 421, 15*u = 4*c + 14*u - 342. Is c prime?
False
Let d = -1843 + 1096. Let x = d - -1284. Is x prime?
False
Let w(f) = 2*f**2 - f. Let c be w(-2). Let m(v) be the third derivative of 19*v**4/24 + 13*v**3/6 - 6*v**2. Is m(c) a prime number?
False
Suppose -140 = -u + a, 2*u + u - 425 = 4*a. Suppose 2*y = -u + 31. Let n = 105 + y. Is n a composite number?
False
Suppose -x = -5, 0 = 5*n + 5*x - 59 + 14. Suppose -5*l + 4*l = n. Is (-2)/l*-83*-2 a composite number?
False
Let s(a) = a. Let f(k) = k - 1. Let d(q) = -f(q) + 3*s(q). Let z be d(-1). Is ((-2102)/(-2) - 1) + z a composite number?
False
Is 23/((7/47)/7) a composite number?
True
Let f(z) = -74*z. Let j be f(1). Let m = j + 331. Is m a composite number?
False
Let v = -11065 - -17142. Is v composite?
True
Let j(d) = -d**2 - 4*d. Let o(y) = y**2 - y + 1. Let w(t) = -j(t) - 2*o(t). Let g be w(4). Suppose 4*b = -5*i + 157, -g*i + 5*b = -3*i - 109. Is i prime?
False
Suppose 73*z = 74*z - 4970. Suppose -f - 3*d + z + 480 = 0, 3*f = d + 16300. Is f a composite number?
True
Let m be 2 + 9/((-9)/(-2)). Suppose -5*l - 1654 = -3*b, m*l + 1655 = 2*b + b. Is b a prime number?
False
Let n(k) = 261*k + 11. Is n(4) a prime number?
False
Suppose 608 = 2*f - 5*w, 5*w - 7*w = -4*f + 1232. Is f a composite number?
True
Suppose 4*z = z + 12. Suppose 5*o - 4621 = 2*r, -z*o + 0*o - r + 3702 = 0. Suppose 2*v - 3*p - 370 = 2*p, 5*v - 2*p = o. Is v a composite number?
True
Let w be 48/360 - (-15034)/(-30). Let l = w - -959. Is l composite?
True
Suppose -4600 - 7584 = -4*b. Is b prime?
False
Suppose -c = -4*v + 2483, 2*v - 10973 = 5*c + 1388. Let o = c - -5508. Is o composite?
False
Let s(x) = 3*x**2 - 20*x - 13. Let d be s(16). Let q = d - -34. Is q a composite number?
True
Let p = 221 + -562. Let g(t) = t - 124. Let x be g(0). Let u = x - p. Is u a prime number?
False
Let k(p) = -66*p - 25. Suppose -5*u + 2*u - 21 = 0. Is k(u) a prime number?
False
Let m be (-4)/1 - (-12)/3. Is (m + -3)/((-12)/1324) composite?
False
Let u = 4647 - -14435. Suppose -2*d - u = -16*d. Is d a composite number?
True
Let q(n) = n**3 - 13*n**2 - 26*n + 10. Let f be q(15). Is (57554/f)/(2/10) a composite number?
False
Let x = 111 - 59. Suppose 3*q - x - 32 = 0. Is (-8)/q - 2230/(-14) a prime number?
False
Suppose -1608312 = -38*g + 14*g. Is g a composite number?
True
Let x = 19148 + -2169. Is x a composite number?
False
Let t = 18031 - -22896. Is t composite?
False
Let h be (-8)/12*(-12 - 0). Suppose 0 = -h*t + 12*t - 2692. Is t a prime number?
True
Suppose -u + 1426 = 4*u - 4*f, 0 = 5*u + 5*f - 1390. Let d = 431 - u. Is d a prime number?
True
Suppose -5*g = -2*j - 37377, -4*g + 4*j + 29896 = j. Is g prime?
True
Let w(j) = 19*j + 72. Is w(35) composite?
True
Suppose 3*d = -4*c - 47 - 16, -d = 5*c + 32. Let n = 19 + d. Suppose 53 = n*z - 369. Is z prime?
True
Suppose 0 = -3*u + y + 113816, -3*u + 15*y - 13*y = -113815. Is u prime?
False
Suppose 3*j = -2*r + 388, -5*j + 5*r + 30 + 575 = 0. Suppose -q = t - 233, -3*q - 573 = -3*t + j. Is t a composite number?
False
Let v be (-9)/(-1 - 22/(-23)). Suppose -5*m - 80 - 140 = 0. Let q = v + m. Is q a prime number?
True
Suppose 119 = -2*i - 389. Let p = i - -445. Suppose z + p = 2*z. Is z prime?
True
Suppose -4*g = 3*l + 1374 - 6863, -3*g - 5517 = -3*l. Is l a composite number?
True
Let v(o) = 10*o**2 - 5 - 7*o**2 + 6*o - 8*o**2 + o**3. Let p be v(4). Suppose 2 = k, x = -2*x - p*k + 105. Is x a prime number?
False
Let d = 37668 - -9361. Is d a prime number?
False
Let f = -27 - -24. Let p be -3*1/3 + f. Is (1 + p/8)*658 prime?
False
Suppose d = 4*r - 142, -d + 0 = 2. Is 67/((r/(-15))/(-7)) prime?
False
Suppose -4*v = -1 + 9, 5*v = 2*j - 20. Is 388 - (j + -1) - 3 a prime number?
False
Suppose -u - 7 = -2. Is ((-4)/6)/(u/6510*4) prime?
False
Let p = 32 + 737. Is p composite?
False
Suppose -5*g = -0*m - 2*m - 10, 5*m = -4*g + 41. Let u(s) = 2 + 2*s**2 + g + 0 + 14*s - 3*s**2. Is u(7) a composite number?
True
Let f be (-3 + 0)*(-4)/3. Suppose 6*j = f*j + 106. Is j a composite number?
False
Suppose 7*l + 248894 = 916071. Is l a composite number?
False
Let a = -4 - 3. Let z(v) = v**2 + 1. Let o be z(a). Is (-2)/(1 + (-54)/o) prime?
False
Let q(a) = -962*a - 141. Is q(-38) prime?
False
Is (-1620576)/(-180) + 1/(-5) composite?
True
Suppose 0 = -5*l + 10, -4*b - 3*l = -9*b + 19. Suppose b*n = -20 + 60. Suppose -5*t + 142 = z, 3*t = n*t. Is z composite?
True
Is 0 - 10891/(-8) - 99/264 a composite number?
False
Suppose 2*k + 4 = -16. Let a(w) be the third derivative of w**5/10 - 3*w**4/8 - 5*w**3/6 + 91*w**2. Is a(k) a prime number?
False
Suppose 105221 - 14354 = 7*z. Is z a prime number?
False
Let u be 4*(1 + (-4